{"id":272,"date":"2024-06-11T22:31:00","date_gmt":"2024-06-12T01:31:00","guid":{"rendered":"https:\/\/shop.patotas.com.ar\/?post_type=product&#038;p=272"},"modified":"2025-08-11T12:11:04","modified_gmt":"2025-08-11T15:11:04","slug":"old-prince-novel-perro-adulto-raza-m-g-cordero-y-arroz-x-15-kg","status":"publish","type":"product","link":"https:\/\/shop.patotas.com.ar\/index.php\/producto\/old-prince-novel-perro-adulto-raza-m-g-cordero-y-arroz-x-15-kg\/","title":{"rendered":"Old Prince Novel Perro Adulto Raza M\/G Cordero y Arroz x 15 kg"},"content":{"rendered":"<p>Dale a tu perro adulto de raza mediana o grande la nutrici\u00f3n que necesita con el Alimento Old Prince Prote\u00ednas Noveles sabor cordero en bolsa de 7.5 kg. Este alimento seco de alta calidad, fabricado por Agroindustrias Baires, est\u00e1 especialmente formulado para satisfacer las necesidades nutricionales de tu mascota en su etapa adulta. Con un delicioso sabor a cordero, tu perro disfrutar\u00e1 cada bocado mientras recibe los beneficios de las prote\u00ednas noveles. Adem\u00e1s, su tama\u00f1o de 7.5 kg asegura que tendr\u00e1s suficiente alimento para mantener a tu mascota feliz y saludable por un tiempo prolongado. No esperes m\u00e1s y br\u00edndale a tu perro la alimentaci\u00f3n que merece con Old Prince Prote\u00ednas Noveles.<\/p>\n","protected":false},"excerpt":{"rendered":"<p>Dale a tu perro adulto de raza mediana o grande la nutrici\u00f3n que necesita con el Alimento Old Prince Prote\u00ednas Noveles sabor cordero en bolsa de 7.5 kg. Este alimento seco de alta calidad, fabricado por Agroindustrias Baires, est\u00e1 especialmente formulado para satisfacer las necesidades nutricionales de tu mascota en su etapa adulta.<\/p>\n","protected":false},"featured_media":5,"template":"","meta":[],"product_brand":[],"product_cat":[21],"product_tag":[],"class_list":{"0":"post-272","1":"product","2":"type-product","3":"status-publish","4":"has-post-thumbnail","6":"product_cat-oldprince","8":"first","9":"instock","10":"shipping-taxable","11":"purchasable","12":"product-type-simple"},"_links":{"self":[{"href":"https:\/\/shop.patotas.com.ar\/index.php\/wp-json\/wp\/v2\/product\/272","targetHints":{"allow":["GET"]}}],"collection":[{"href":"https:\/\/shop.patotas.com.ar\/index.php\/wp-json\/wp\/v2\/product"}],"about":[{"href":"https:\/\/shop.patotas.com.ar\/index.php\/wp-json\/wp\/v2\/types\/product"}],"wp:featuredmedia":[{"embeddable":true,"href":"https:\/\/shop.patotas.com.ar\/index.php\/wp-json\/wp\/v2\/media\/5"}],"wp:attachment":[{"href":"https:\/\/shop.patotas.com.ar\/index.php\/wp-json\/wp\/v2\/media?parent=272"}],"wp:term":[{"taxonomy":"product_brand","embeddable":true,"href":"https:\/\/shop.patotas.com.ar\/index.php\/wp-json\/wp\/v2\/product_brand?post=272"},{"taxonomy":"product_cat","embeddable":true,"href":"https:\/\/shop.patotas.com.ar\/index.php\/wp-json\/wp\/v2\/product_cat?post=272"},{"taxonomy":"product_tag","embeddable":true,"href":"https:\/\/shop.patotas.com.ar\/index.php\/wp-json\/wp\/v2\/product_tag?post=272"}],"curies":[{"name":"wp","href":"https:\/\/api.w.org\/{rel}","templated":true}]}}