{"id":309,"date":"2024-06-11T23:18:51","date_gmt":"2024-06-12T02:18:51","guid":{"rendered":"https:\/\/shop.patotas.com.ar\/?post_type=product&#038;p=309"},"modified":"2025-08-11T12:11:04","modified_gmt":"2025-08-11T15:11:04","slug":"old-prince-novel-gato-adulto-cordero-y-arroz-adulto-x-75-kg","status":"publish","type":"product","link":"https:\/\/shop.patotas.com.ar\/index.php\/producto\/old-prince-novel-gato-adulto-cordero-y-arroz-adulto-x-75-kg\/","title":{"rendered":"Old Prince Novel Gato Adulto Cordero y Arroz Adulto x 7,5 kg"},"content":{"rendered":"<p>Ingredientes Harina de cordero, arroz integral, arveja, gluten de ma\u00edz, albumina en polvo, huevo en polvo, grasa animal (pollo \u2013 cerdo), aceite de salm\u00f3n (fuente de omega 3 y 6), hidrolizado proteico de menudencias porcinas, pulpa de remolacha (fuente de fructo-oligosac\u00e1ridos &#8211; FOS), levadura de cerveza, zeolita, sal, fuente de fibra insoluble, acidificante en polvo, extracto de yucca schidigera, manano-oligosac\u00e1ridos &#8211; MOS, nucle\u00f3tidos de levadura, carbonato de calcio, dipropionato de amonio, \u00e1cido propi\u00f3nico, pirofosfato \u00e1cido de sodio, bisulfato de sodio, condroitin sulfato, ascorbato de manganeso, metionina, carnitina, antioxidantes naturales: extracto de romero, vitamina C, betacaroteno, \u00e1cido c\u00edtrico, tocoferoles, licopeno, lute\u00edna, polifenoles, taurina, vitaminas: A, D3, E, K, B1, B2, B6, B12, \u00e1cido f\u00f3lico, \u00e1cido nicot\u00ednico, pantotenato de calcio, biotina, colina, minerales: zinc, hierro, cobre, yodo, selenio.<\/p>\n","protected":false},"excerpt":{"rendered":"<p>Harina de pollo, arroz, gluten de ma\u00edz, alb\u00famina en polvo, plasma bovino en polvo, huevo en polvo, trigo, grasa animal (pollo), aceite de pescado (fuente de omega 3), hidrolizado proteico de menudencias porcinas, pulpa de remolacha (fuente de fructo-oligosac\u00e1ridos \u2013 FOS)<\/p>\n","protected":false},"featured_media":310,"template":"","meta":[],"product_brand":[],"product_cat":[21],"product_tag":[],"class_list":{"0":"post-309","1":"product","2":"type-product","3":"status-publish","4":"has-post-thumbnail","6":"product_cat-oldprince","8":"first","9":"instock","10":"shipping-taxable","11":"purchasable","12":"product-type-simple"},"_links":{"self":[{"href":"https:\/\/shop.patotas.com.ar\/index.php\/wp-json\/wp\/v2\/product\/309","targetHints":{"allow":["GET"]}}],"collection":[{"href":"https:\/\/shop.patotas.com.ar\/index.php\/wp-json\/wp\/v2\/product"}],"about":[{"href":"https:\/\/shop.patotas.com.ar\/index.php\/wp-json\/wp\/v2\/types\/product"}],"wp:featuredmedia":[{"embeddable":true,"href":"https:\/\/shop.patotas.com.ar\/index.php\/wp-json\/wp\/v2\/media\/310"}],"wp:attachment":[{"href":"https:\/\/shop.patotas.com.ar\/index.php\/wp-json\/wp\/v2\/media?parent=309"}],"wp:term":[{"taxonomy":"product_brand","embeddable":true,"href":"https:\/\/shop.patotas.com.ar\/index.php\/wp-json\/wp\/v2\/product_brand?post=309"},{"taxonomy":"product_cat","embeddable":true,"href":"https:\/\/shop.patotas.com.ar\/index.php\/wp-json\/wp\/v2\/product_cat?post=309"},{"taxonomy":"product_tag","embeddable":true,"href":"https:\/\/shop.patotas.com.ar\/index.php\/wp-json\/wp\/v2\/product_tag?post=309"}],"curies":[{"name":"wp","href":"https:\/\/api.w.org\/{rel}","templated":true}]}}